lculate the highest common divisor of 1968 and 24.
24
What is the greatest common divisor of 4917 and 66?
33
Calculate the highest common factor of 74 and 14689.
37
What is the greatest common divisor of 14092 and 52?
52
Calculate the highest common factor of 3556 and 112.
28
Calculate the highest common divisor of 302 and 4681.
151
What is the highest common divisor of 54 and 12?
6
Calculate the greatest common divisor of 18 and 582.
6
What is the highest common divisor of 414 and 18?
18
Calculate the greatest common divisor of 56 and 952.
56
What is the greatest common divisor of 252 and 4011?
21
What is the highest common factor of 126 and 224?
14
What is the highest common factor of 204 and 360?
12
What is the highest common factor of 2444 and 117?
13
Calculate the highest common factor of 168 and 120.
24
What is the greatest common factor of 21060 and 260?
260
What is the greatest common divisor of 200 and 450?
50
Calculate the greatest common divisor of 27 and 19.
1
What is the greatest common factor of 23 and 713?
23
What is the greatest common factor of 13 and 1911?
13
What is the highest common divisor of 63 and 7?
7
Calculate the highest common factor of 2772 and 2016.
252
Calculate the highest common divisor of 1854 and 48.
6
Calculate the greatest common factor of 567 and 21.
21
What is the greatest common divisor of 61 and 976?
61
What is the highest common factor of 1771 and 2093?
161
Calculate the greatest common factor of 52 and 65.
13
What is the highest common factor of 27 and 225?
9
Calculate the greatest common divisor of 1070 and 10.
10
Calculate the highest common factor of 266 and 76.
38
What is the greatest common factor of 5 and 225?
5
What is the highest common divisor of 65 and 13?
13
What is the highest common factor of 40793 and 1083?
361
Calculate the greatest common divisor of 30 and 20.
10
What is the greatest common factor of 3 and 2721?
3
What is the highest common factor of 435 and 60?
15
What is the highest common divisor of 61 and 2440?
61
Calculate the highest common divisor of 26 and 18.
2
What is the highest common factor of 9192 and 8?
8
What is the greatest common divisor of 22 and 18238?
22
Calculate the highest common factor of 814 and 44.
22
What is the greatest common factor of 25 and 20?
5
Calculate the greatest common divisor of 444 and 24.
12
What is the greatest common divisor of 1064 and 56?
56
Calculate the highest common factor of 128 and 2432.
128
Calculate the greatest common divisor of 261 and 29.
29
What is the highest common factor of 2701 and 74?
37
What is the greatest common factor of 361 and 2546?
19
What is the highest common divisor of 88 and 368?
8
What is the greatest common divisor of 13 and 221?
13
Calculate the highest common factor of 316 and 12.
4
Calculate the greatest common factor of 950 and 38.
38
What is the highest common divisor of 38 and 57?
19
Calculate the highest common factor of 741 and 13091.
247
Calculate the greatest common factor of 41 and 33907.
41
What is the highest common factor of 22 and 38?
2
What is the greatest common factor of 155 and 62?
31
What is the highest common divisor of 48 and 716?
4
Calculate the greatest common factor of 8474 and 266.
38
What is the highest common factor of 21 and 2121?
21
What is the greatest common factor of 68 and 68?
68
Calculate the highest common factor of 300 and 1515.
15
Calculate the highest common factor of 126 and 72.
18
Calculate the highest common divisor of 12 and 14172.
12
What is the highest common factor of 83 and 166?
83
What is the highest common factor of 110 and 605?
55
Calculate the greatest common factor of 2792 and 40.
8
What is the greatest common factor of 50 and 175?
25
What is the highest common divisor of 243 and 18?
9
What is the highest common divisor of 174 and 426?
6
Calculate the highest common divisor of 4520 and 80.
40
What is the highest common divisor of 875 and 150?
25
Calculate the greatest common divisor of 782 and 46.
46
Calculate the highest common divisor of 40 and 150.
10
What is the greatest common factor of 110 and 33?
11
What is the highest common divisor of 705 and 15?
15
Calculate the highest common factor of 77 and 209.
11
What is the greatest common divisor of 6580 and 141?
47
Calculate the greatest common factor of 241 and 1.
1
What is the highest common factor of 3 and 131?
1
Calculate the greatest common factor of 486 and 108.
54
Calculate the highest common divisor of 189 and 231.
21
Calculate the highest common divisor of 1368 and 384.
24
What is the highest common divisor of 27 and 9?
9
What is the greatest common divisor of 805 and 2645?
115
Calculate the highest common factor of 16 and 48.
16
What is the highest common divisor of 128 and 5824?
64
Calculate the highest common divisor of 12 and 196.
4
What is the greatest common divisor of 160 and 32?
32
What is the highest common divisor of 4080 and 765?
255
Calculate the highest common divisor of 142 and 497.
71
Calculate the highest common divisor of 171 and 27.
9
Calculate the highest common factor of 1273 and 19.
19
What is the highest common divisor of 52 and 4?
4
What is the greatest common divisor of 24 and 1976?
8
What is the highest common factor of 644 and 368?
92
Calculate the highest common factor of 184 and 1932.
92
Calculate the highest common factor of 69630 and 60.
30
Calculate the greatest common factor of 629 and 17.
17
What is the highest common divisor of 35 and 15?
5
What is the highest common divisor of 110 and 1040?
10
Calculate the highest common divisor of 128 and 864.
32
What is the greatest common factor of 656 and 1271?
41
Calculate the highest common divisor of 96 and 1504.
32
Calculate the greatest common divisor of 68 and 5746.
34
Calculate the greatest common divisor of 591 and 3.
3
Calculate the greatest common divisor of 10270 and 260.
130
Calculate the highest common factor of 24 and 240.
24
What is the highest common divisor of 45 and 36?
9
Calculate the greatest common factor of 99 and 891.
99
Calculate the highest common divisor of 156 and 120.
12
What is the highest common factor of 95 and 304?
19
What is the highest common factor of 110 and 3685?
55
Calculate the highest common divisor of 841 and 87.
29
What is the highest common factor of 1 and 16?
1
What is the highest common divisor of 29 and 145?
29
What is the highest common factor of 221 and 34?
17
Calculate the highest common factor of 143 and 156.
13
Calculate the highest common divisor of 528 and 12.
12
What is the greatest common factor of 8 and 513?
1
Calculate the greatest common factor of 3255 and 60.
15
What is the highest common factor of 128 and 3552?
32
Calculate the greatest common divisor of 352 and 256.
32
What is the greatest common divisor of 1632 and 96?
96
Calculate the highest common divisor of 6127 and 11.
11
What is the greatest common divisor of 20 and 40?
20
Calculate the greatest common factor of 21 and 77.
7
Calculate the highest common factor of 35 and 120.
5
What is the highest common factor of 84 and 770?
14
Calculate the highest common divisor of 99 and 9.
9
What is the greatest common factor of 412 and 2369?
103
What is the highest common factor of 600 and 36?
12
Calculate the greatest common factor of 40 and 270.
10
What is the greatest common factor of 84 and 3108?
84
Calculate the highest common factor of 16 and 7.
1
Calculate the greatest common factor of 48 and 496.
16
What is the highest common divisor of 50 and 25?
25
Calculate the highest common factor of 32 and 112.
16
What is the highest common divisor of 22 and 12386?
22
Calculate the highest common factor of 9 and 166.
1
What is the greatest common divisor of 59 and 3127?
59
Calculate the greatest common divisor of 14893 and 53.
53
What is the highest common divisor of 66 and 10857?
33
What is the highest common divisor of 472 and 8?
8
What is the greatest common factor of 6 and 309?
3
Calculate the highest common divisor of 405 and 288.
9
Calculate the highest common factor of 5617 and 41.
41
What is the greatest common divisor of 2603 and 95?
19
What is the greatest common factor of 50 and 260?
10
What is the highest common factor of 486 and 18?
18
What is the highest common divisor of 8190 and 30?
30
What is the greates